-69 + 124. Suppose -81 = -3*m - 15. Calculate the greatest common divisor of u and m.
11
Let l = 5 + -2. Suppose -2*z - 2 = l*p, 0 = 2*p - 0*p + 4*z + 12. Suppose 3*i = -15, -p*b = 4*i - 6*i - 50. What is the highest common divisor of b and 50?
10
Suppose 4*c - 32 - 52 = 0. Let i be -3 - (-3 - (189 + 0)). Calculate the highest common divisor of c and i.
21
Let y be (-2)/(-3)*(1 - -2). Let f be 9/6*(0 + y). Let g be 103/3 - 1/f. What is the highest common divisor of 17 and g?
17
Let c(f) = -85*f - 1. Let s be c(-1). Suppose o + 12 = 2*o. Calculate the greatest common factor of s and o.
12
Let z = -3 + 9. Let s = 9 - z. Let h = 23 + -20. What is the greatest common divisor of s and h?
3
Suppose 2*r - 3*h - 17 = 0, -2*r = -2*h + 4*h - 32. Calculate the highest common divisor of 13 and r.
13
Suppose -226 + 691 = 5*n. Suppose -n = 4*x - 5*x + 4*p, p = 4*x - 312. Let t be 15/25 + x/5. Calculate the highest common divisor of 32 and t.
16
Let g be 1 + (4 - 2) + 1. Calculate the highest common factor of 28 and g.
4
Suppose 10 = 13*j - 8*j, j + 1186 = 3*m. What is the greatest common factor of 36 and m?
36
Suppose -2*y = -0*y - 18. What is the greatest common divisor of 3 and y?
3
Let d be 2*4/(16/6). Let o be (-5 - -4) + (0 - -1). Suppose z = -o*z + d. What is the highest common divisor of z and 12?
3
Suppose -25*x + 210 = -23*x. Calculate the greatest common factor of x and 70.
35
Let q(i) = -4. Let k(y) = -y + 1. Let j(z) = -15*k(z) - 3*q(z). Let t be j(2). What is the highest common factor of 18 and t?
9
Let j(n) = -n**3 + 6*n**2. Let t be j(4). Let v = -253 - -257. Calculate the greatest common factor of v and t.
4
Let v(m) = -5 - 5 + 6 + m - m**3 + 8*m**2. Let o be v(8). Let h be (-5)/(10/o) - -20. What is the greatest common divisor of 9 and h?
9
Suppose -n - 4 = -0*n - 2*k, 4*k = -8. Let p = 0 - n. What is the greatest common divisor of 24 and p?
8
Let n = -20 - -60. Suppose 3*k + x = n, 0 = -5*k + 4*x - 6*x + 68. Let i be 4/k - (-22)/6. What is the greatest common factor of 32 and i?
4
Suppose -2*z + u + 55 = 0, 0 = 2*z + z - u - 80. Calculate the greatest common factor of 225 and z.
25
Let u = -27 - -40. Suppose -2*y + 14 = 24. Let c be 78*(-2 + -2 - y). What is the highest common divisor of u and c?
13
Let l(q) = q**2 - 7*q + 8. Let b be l(11). Calculate the greatest common factor of b and 26.
26
Suppose 4*o = 37 + 35. What is the highest common divisor of 24 and o?
6
Suppose 0 = -4*h - u + 170, 5*u - 27 = -h + 25. Suppose 0 = 3*b - 3, c + 5*b - 38 + 3 = 0. Let l = h - c. Calculate the highest common divisor of 18 and l.
6
Let w = 30 + 6. Let t(y) be the first derivative of -y**3/3 - 3*y**2 - y + 2. Let c be t(-5). Calculate the highest common factor of w and c.
4
Let c = 127 - 66. Let a be c/3 + 3/(-9). Calculate the highest common factor of a and 140.
20
Let j = -14 - -23. Let o(f) = -f - 6. Let s be o(-12). What is the highest common divisor of j and s?
3
Suppose 0 = 2*t - 3*m - 223, 4*m - 12 = -32. Suppose -3*z + t = -j + 2*j, -3*z = 5*j - 88. What is the highest common factor of 9 and z?
9
Suppose -g + 1 = -0*g. Let h be g/(-2) + 18/(-4). Let q be (h/3)/((-1)/21). Calculate the highest common divisor of q and 7.
7
Suppose 2*c - 3*c = -4. Calculate the greatest common divisor of c and 1.
1
Let o(z) = 12*z**3 - z + 1. Let s be o(1). Suppose 2*w - 140 = -2*w. Let d = w + 73. Calculate the highest common divisor of s and d.
12
Suppose 4*y = p + 2*y - 9, -46 = -4*p - 2*y. Let c(r) = -p - 2*r - 7 + 5. Let m be c(-9). What is the greatest common factor of 1 and m?
1
Let g be 4/(-6)*-1*9. Suppose -17 = -q - g. Let c = -13 + 24. What is the highest common factor of c and q?
11
Let c be 4 - (-1 - (-3 + 0)). Let x(l) = l**3 - 3*l**2 + 2*l + 2. Let o be x(c). Let j be ((-65)/(-4))/(o/8). Calculate the greatest common factor of j and 26.
13
Let r be ((-2)/1)/(10/135). Let h = r - -41. Let p(w) = w**2 + 2*w - 6. Let n be p(6). Calculate the highest common divisor of h and n.
14
Let i = 7 + -3. Suppose i*t - 15 = 57. What is the greatest common divisor of t and 9?
9
Let h = 58 + 42. Calculate the highest common factor of 40 and h.
20
Suppose 11*z - 8*z = 15. Calculate the greatest common factor of z and 15.
5
Let v be ((-3)/(-2))/((-3)/(-20)). Let s = 11 - 12. Let l be 30 + -3 + 4 + s. What is the greatest common divisor of v and l?
10
Let l(d) = d**2 - 10*d + 1. Let k be l(12). Let y = 4 + 2. Suppose 0 = 3*c - y*c + 15. What is the greatest common factor of k and c?
5
Let c = -8 - 25. Let z = -13 - c. Calculate the greatest common factor of 4 and z.
4
Let l(r) = 2*r**2 + 4*r + 10. Let n be l(-7). Calculate the greatest common divisor of 40 and n.
40
Let b(g) = 21*g**2 - g - 1. Let l be b(-1). Calculate the greatest common factor of 28 and l.
7
Suppose -11 = -2*g - 3. Suppose 0 = -g*w - 8, -2*x + 5*w + 19 = x. Suppose 20 = x*c - 10. What is the greatest common factor of 30 and c?
10
Suppose 4*w - 3 - 93 = 0. Calculate the greatest common divisor of w and 8.
8
Suppose 55 = 2*f - r - 172, 3*f = 4*r + 333. Calculate the greatest common factor of f and 46.
23
Let l = -2 + 1. Let m be (2 - 119)*l/3. What is the highest common factor of m and 26?
13
Let z = 1 - -13. What is the highest common factor of 42 and z?
14
Let u = 3 - 0. Suppose 3*d + 3*p - 78 = 0, -d - u*d + 74 = -2*p. Suppose 3 = j - 0*j. What is the highest common factor of j and d?
3
Let a = -185 - -190. Calculate the highest common divisor of a and 3.
1
Let i(s) = 4*s**2 + 2*s. Let l be i(5). Suppose -5*n = -k, -10 = -3*k + n + 18. What is the greatest common factor of l and k?
10
Let k(r) = r**3 - 2*r**2 + 2. Let j = -1 + 3. Let o be k(j). Calculate the highest common factor of o and 2.
2
Let u be -1 + -1 - 8/(-2). Suppose 3*t + 0*t + 5*v = 484, -u*t = 3*v - 324. Calculate the greatest common divisor of t and 21.
21
Let z be 2/(-8) - 242/(-8). Let p(a) = -1 + 2*a**2 + a**2 - 4*a**2 - a - 11*a**3. Let o be p(-1). What is the greatest common divisor of z and o?
10
Let i = -1 + 2. Suppose 4*p - 6*c = -4*c + 2, -1 = p - c. Let l(b) = -b + 4. Let s be l(p). Calculate the greatest common factor of s and i.
1
Suppose 155 - 47 = 4*s. Suppose 5*c - 18 = 207. Suppose 5*w = -4*o + s, 5*w + c = -3*o + 8*o. What is the greatest common divisor of 20 and o?
4
Suppose 40 + 24 = 2*i. What is the greatest common factor of i and 8?
8
Suppose -4*y = 3*w + 3, -4*w + y + 6 + 9 = 0. Suppose -c - 3*a = 0, 7*a = w*a - 16. Calculate the highest common factor of 12 and c.
12
Suppose -113 = -3*h - 4*z, 0 = 2*h + z + 2*z - 76. Calculate the highest common factor of h and 21.
7
Let w = 126 - 30. Suppose -5*c + w = -c. Calculate the greatest common factor of 120 and c.
24
Suppose -n - 33 = 5*x - 3*n, -2*x - n - 6 = 0. Let q = x - -3. Let y be (-34)/(-4) + 1/q. What is the highest common factor of y and 8?
8
Suppose 3*u + 2*u - 85 = 0. Suppose 3*p = 2*y + 3*y - 38, 0 = 5*p - 2*y + 38. Let z be (-34)/(-3)*(-45)/p. What is the greatest common factor of u and z?
17
Suppose -2*q - 4*o = -0*q + 38, 5*q - 5*o = -20. Let s = q + 7. Let k be (-56)/(-9) + s/9. What is the highest common divisor of 66 and k?
6
Let r be (-338)/(-5) + (-4)/(-10). Let w = r - 38. Suppose -5*j + w = -180. Calculate the highest common factor of j and 6.
6
Suppose 2*g + 10 = 0, -68 = -v - 2*v + 4*g. What is the highest common divisor of v and 176?
16
Let i be (-12)/7 + (-8)/28. Let z = 8 + i. What is the greatest common factor of z and 66?
6
Let k(d) = -2*d**3 - 8*d**2 - 3*d + 5. Let f be k(-5). What is the highest common divisor of f and 28?
14
Let c(m) = -m + 23. Let z be c(15). Suppose 2*x - 19 = 45. Let k be (x/(-6))/(2/(-21)). What is the greatest common factor of k and z?
8
Suppose 5*f - 13 = 4*w, -w = 3*f - 6*w. Suppose 0 = -f*b + 7 + 83. Suppose -2*n + 12 + 0 = 0. What is the highest common factor of n and b?
6
Let a = 322 - 157. Calculate the greatest common factor of a and 15.
15
Let r be 3/12*-2*-100. Suppose r = 2*v + 4*y, y = 2*y - 2. Let k(w) = -12*w + 2. Let f be k(-1). Calculate the highest common factor of v and f.
7
Let n(c) = -23*c**3 + c**2 + 2*c + 2. Let k be n(-1). What is the highest common factor of 16 and k?
8
Let h(i) = 7*i**3 - 2*i - 1. Let g be h(-1). Let d = g + 10. Calculate the greatest common factor of 1 and d.
1
Let f b